38 and 2975.
119
What is the highest common divisor of 442 and 136?
34
What is the greatest common factor of 55 and 22?
11
Calculate the highest common factor of 816 and 96.
48
Calculate the highest common divisor of 39 and 1664.
13
What is the greatest common divisor of 1365 and 1680?
105
Calculate the greatest common divisor of 2028 and 36.
12
What is the greatest common factor of 54588 and 12?
12
Calculate the greatest common divisor of 606 and 54.
6
Calculate the greatest common factor of 118 and 6.
2
What is the greatest common divisor of 249 and 17513?
83
Calculate the highest common factor of 28 and 28.
28
Calculate the greatest common factor of 9 and 12.
3
Calculate the greatest common factor of 603 and 9.
9
Calculate the greatest common divisor of 39 and 213.
3
What is the highest common divisor of 49 and 2891?
49
Calculate the highest common factor of 351 and 621.
27
What is the greatest common factor of 66 and 352?
22
Calculate the greatest common divisor of 1355 and 10.
5
What is the greatest common factor of 5520 and 3840?
240
Calculate the highest common factor of 185 and 10249.
37
What is the highest common divisor of 84 and 112?
28
Calculate the greatest common factor of 1743 and 1245.
249
Calculate the highest common factor of 35 and 65.
5
Calculate the greatest common factor of 58 and 10498.
58
Calculate the greatest common divisor of 32 and 208.
16
What is the highest common factor of 161 and 7?
7
Calculate the highest common divisor of 75 and 420.
15
What is the greatest common factor of 6760 and 624?
104
Calculate the greatest common factor of 16 and 23776.
16
Calculate the highest common divisor of 6150 and 300.
150
Calculate the highest common divisor of 24 and 1470.
6
Calculate the highest common factor of 6808 and 148.
148
Calculate the highest common divisor of 21473 and 109.
109
What is the greatest common factor of 160 and 480?
160
Calculate the highest common factor of 41 and 66461.
41
Calculate the greatest common factor of 44 and 21802.
22
What is the highest common factor of 292 and 1?
1
Calculate the highest common factor of 19 and 342.
19
What is the greatest common divisor of 29 and 2?
1
Calculate the greatest common divisor of 2816 and 66.
22
Calculate the highest common factor of 2 and 38.
2
Calculate the greatest common divisor of 390 and 78.
78
What is the highest common factor of 580 and 87?
29
What is the highest common divisor of 98 and 17738?
98
What is the greatest common factor of 280 and 252?
28
What is the highest common divisor of 105 and 795?
15
Calculate the greatest common factor of 550 and 8.
2
What is the greatest common divisor of 2226 and 42?
42
Calculate the greatest common factor of 64 and 96.
32
What is the highest common divisor of 253 and 92?
23
Calculate the greatest common divisor of 72 and 804.
12
What is the greatest common divisor of 5983 and 386?
193
Calculate the highest common divisor of 24 and 888.
24
Calculate the highest common divisor of 174 and 406.
58
Calculate the greatest common factor of 32 and 8608.
32
What is the highest common factor of 6 and 48?
6
What is the highest common factor of 3348 and 465?
93
Calculate the highest common divisor of 1989 and 2340.
117
Calculate the greatest common factor of 39 and 299.
13
Calculate the greatest common factor of 17 and 31637.
17
Calculate the highest common divisor of 88 and 39028.
44
Calculate the greatest common factor of 1634 and 129.
43
Calculate the greatest common factor of 2590 and 280.
70
Calculate the highest common factor of 540 and 20.
20
Calculate the greatest common factor of 96 and 720.
48
Calculate the highest common factor of 238 and 119.
119
What is the greatest common divisor of 66 and 1782?
66
What is the highest common divisor of 17 and 255?
17
What is the greatest common divisor of 184 and 69?
23
Calculate the greatest common factor of 3936 and 192.
96
What is the highest common factor of 64 and 36544?
64
What is the greatest common divisor of 190 and 1030?
10
What is the highest common divisor of 9 and 66?
3
What is the highest common factor of 425 and 527?
17
What is the highest common factor of 91 and 6461?
91
Calculate the highest common divisor of 462 and 330.
66
Calculate the greatest common factor of 4947 and 51.
51
Calculate the greatest common divisor of 207 and 437.
23
What is the greatest common divisor of 1778 and 14?
14
What is the highest common factor of 12 and 12?
12
What is the greatest common factor of 20077 and 17?
17
Calculate the highest common factor of 430 and 25.
5
What is the greatest common divisor of 9 and 2061?
9
What is the highest common factor of 22 and 451?
11
Calculate the greatest common factor of 138 and 207.
69
What is the greatest common divisor of 60 and 204?
12
What is the greatest common divisor of 231 and 946?
11
Calculate the greatest common factor of 3401 and 19.
19
Calculate the highest common factor of 120 and 40.
40
What is the highest common factor of 10057 and 89?
89
What is the greatest common factor of 925 and 850?
25
Calculate the greatest common factor of 6605 and 15.
5
Calculate the greatest common divisor of 9142 and 14.
14
What is the greatest common divisor of 51 and 68?
17
Calculate the greatest common factor of 109 and 19511.
109
Calculate the greatest common factor of 4 and 7.
1
What is the greatest common divisor of 4 and 2?
2
What is the highest common divisor of 7680 and 216?
24
What is the greatest common divisor of 3531 and 33?
33
Calculate the highest common divisor of 105 and 63.
21
What is the highest common divisor of 216 and 162?
54
Calculate the highest common divisor of 16 and 1536.
16
What is the greatest common divisor of 194 and 3589?
97
What is the greatest common factor of 106 and 2?
2
What is the greatest common factor of 30 and 1665?
15
What is the highest common divisor of 52 and 1703?
13
What is the highest common factor of 5034 and 18?
6
What is the greatest common divisor of 380 and 1180?
20
What is the highest common divisor of 572 and 44?
44
Calculate the highest common factor of 180 and 405.
45
Calculate the greatest common divisor of 9 and 261.
9
Calculate the greatest common factor of 15 and 105.
15
Calculate the highest common factor of 144 and 240.
48
Calculate the greatest common factor of 2121 and 21.
21
Calculate the highest common divisor of 1122 and 66.
66
Calculate the greatest common factor of 55 and 660.
55
Calculate the greatest common factor of 180 and 216.
36
Calculate the highest common factor of 96 and 32.
32
Calculate the greatest common divisor of 86 and 387.
43
What is the greatest common divisor of 117 and 1690?
13
Calculate the greatest common factor of 37 and 925.
37
Calculate the highest common factor of 3127 and 177.
59
Calculate the highest common factor of 975 and 39.
39
What is the greatest common factor of 759 and 627?
33
What is the highest common divisor of 2146 and 232?
58
What is the highest common factor of 972 and 54?
54
What is the greatest common factor of 84 and 329?
7
What is the highest common factor of 40 and 220?
20
What is the greatest common divisor of 737 and 9983?
67
What is the greatest common divisor of 2682 and 9?
9
What is the greatest common divisor of 240 and 1470?
30
Calculate the highest common divisor of 18 and 333.
9
What is the highest common factor of 453 and 48?
3
What is the highest common divisor of 33 and 6963?
33
Calculate the highest common divisor of 1542 and 48.
6
What is the greatest common factor of 18804 and 6?
6
Calculate the highest common divisor of 535 and 5.
5
What is the greatest common divisor of 434 and 42?
14
Calculate the highest common divisor of 1343 and 237.
79
Calculate the highest common factor of 2534 and 543.
181
Calculate the greatest common divisor of 22 and 352.
22
What is the highest common divisor of 280 and 3780?
140
Calculate the greatest common divisor of 380 and 20.
20
What is the greatest common factor of 352 and 22?
22
Calculate the highest common factor of 88 and 56.
8
What is the greatest common divisor of 38499 and 123?
123
What is the highest common factor of 472 and 13452?
236
What is the greatest common divisor of 138 and 18906?
138
Calculate the highest common divisor of 3962 and 126.
14
Calculate the greatest com